at is the hundreds digit of 701217?
2
What is the thousands digit of 756888?
6
What is the ten thousands digit of 1229961?
2
What is the ten thousands digit of 13758686?
5
What is the tens digit of 106749?
4
What is the hundreds digit of 181679?
6
What is the thousands digit of 2060539?
0
What is the tens digit of 1117592?
9
What is the hundreds digit of 488171?
1
What is the ten thousands digit of 9263724?
6
What is the hundreds digit of 743330?
3
What is the thousands digit of 492877?
2
What is the units digit of 703542?
2
What is the thousands digit of 780545?
0
What is the ten thousands digit of 8875495?
7
What is the hundreds digit of 7651214?
2
What is the tens digit of 24587860?
6
What is the millions digit of 2956426?
2
What is the hundred thousands digit of 266081?
2
What is the thousands digit of 1654165?
4
What is the thousands digit of 188218?
8
What is the ten thousands digit of 5340552?
4
What is the hundred thousands digit of 1394672?
3
What is the hundred thousands digit of 2377750?
3
What is the tens digit of 1566090?
9
What is the thousands digit of 1363025?
3
What is the hundred thousands digit of 370753?
3
What is the tens digit of 28702146?
4
What is the units digit of 283440?
0
What is the thousands digit of 91523?
1
What is the tens digit of 202031?
3
What is the units digit of 2382685?
5
What is the hundreds digit of 939811?
8
What is the hundreds digit of 155323?
3
What is the hundred thousands digit of 205524?
2
What is the units digit of 7511977?
7
What is the units digit of 425333?
3
What is the units digit of 313642?
2
What is the hundreds digit of 22672659?
6
What is the ten thousands digit of 2078624?
7
What is the units digit of 870470?
0
What is the units digit of 1419942?
2
What is the hundreds digit of 3374224?
2
What is the thousands digit of 523965?
3
What is the ten thousands digit of 11175480?
7
What is the hundred thousands digit of 1465675?
4
What is the millions digit of 1051627?
1
What is the ten thousands digit of 111896?
1
What is the hundred thousands digit of 223344?
2
What is the ten thousands digit of 1260668?
6
What is the units digit of 8565132?
2
What is the ten thousands digit of 72192?
7
What is the units digit of 1294188?
8
What is the ten thousands digit of 40510?
4
What is the hundreds digit of 98120?
1
What is the thousands digit of 10754489?
4
What is the units digit of 219404?
4
What is the ten thousands digit of 614819?
1
What is the millions digit of 4849323?
4
What is the hundred thousands digit of 810946?
8
What is the thousands digit of 473385?
3
What is the units digit of 397245?
5
What is the units digit of 1558880?
0
What is the tens digit of 76500?
0
What is the thousands digit of 342451?
2
What is the ten thousands digit of 1884576?
8
What is the thousands digit of 519900?
9
What is the tens digit of 3004429?
2
What is the thousands digit of 7748713?
8
What is the tens digit of 34953?
5
What is the tens digit of 117668?
6
What is the hundred thousands digit of 3167981?
1
What is the units digit of 36634?
4
What is the hundreds digit of 6630417?
4
What is the units digit of 2001354?
4
What is the thousands digit of 714801?
4
What is the tens digit of 7751995?
9
What is the ten thousands digit of 1985851?
8
What is the hundreds digit of 2617468?
4
What is the tens digit of 208198?
9
What is the hundreds digit of 2569058?
0
What is the tens digit of 504942?
4
What is the tens digit of 2588?
8
What is the thousands digit of 116218?
6
What is the tens digit of 3487884?
8
What is the units digit of 2775063?
3
What is the ten thousands digit of 950658?
5
What is the hundred thousands digit of 16660912?
6
What is the millions digit of 7799576?
7
What is the thousands digit of 4521308?
1
What is the units digit of 667731?
1
What is the units digit of 491426?
6
What is the hundred thousands digit of 1118768?
1
What is the units digit of 352357?
7
What is the hundreds digit of 150641?
6
What is the tens digit of 885564?
6
What is the units digit of 2895929?
9
What is the ten thousands digit of 931175?
3
What is the units digit of 172829?
9
What is the thousands digit of 34042?
4
What is the tens digit of 1269913?
1
What is the hundred thousands digit of 4031435?
0
What is the tens digit of 584425?
2
What is the hundred thousands digit of 4114088?
1
What is the thousands digit of 6677022?
7
What is the hundred thousands digit of 166612?
1
What is the hundreds digit of 2236507?
5
What is the hundreds digit of 226354?
3
What is the hundreds digit of 216769?
7
What is the thousands digit of 1354074?
4
What is the hundreds digit of 155397?
3
What is the hundreds digit of 295739?
7
What is the hundred thousands digit of 7579994?
5
What is the units digit of 403722?
2
What is the ten thousands digit of 104572?
0
What is the thousands digit of 434836?
4
What is the hundred thousands digit of 11984756?
9
What is the units digit of 3524167?
7
What is the units digit of 4945631?
1
What is the thousands digit of 471838?
1
What is the hundreds digit of 376174?
1
What is the units digit of 27613?
3
What is the units digit of 843071?
1
What is the hundred thousands digit of 15123979?
1
What is the hundreds digit of 926262?
2
What is the ten thousands digit of 570491?
7
What is the ten millions digit of 13540040?
1
What is the tens digit of 70455?
5
What is the hundred thousands digit of 22340986?
3
What is the hundred thousands digit of 310749?
3
What is the ten thousands digit of 4418039?
1
What is the millions digit of 6340658?
6
What is the thousands digit of 2111273?
1
What is the thousands digit of 32477?
2
What is the hundreds digit of 2009191?
1
What is the units digit of 28312?
2
What is the tens digit of 7835084?
8
What is the ten thousands digit of 761725?
6
What is the hundreds digit of 22338873?
8
What is the thousands digit of 8236531?
6
What is the hundred thousands digit of 510780?
5
What is the thousands digit of 1001198?
1
What is the ten thousands digit of 419195?
1
What is the ten thousands digit of 101365?
0
What is the millions digit of 27245338?
7
What is the thousands digit of 9530836?
0
What is the ten thousands digit of 4083421?
8
What is the ten thousands digit of 1056916?
5
What is the thousands digit of 16901231?
1
What is the units digit of 190742?
2
What is the tens digit of 1250184?
8
What is the hundreds digit of 2837813?
8
What is the hundred thousands digit of 370570?
3
What is the thousands digit of 173681?
3
What is the units digit of 1060955?
5
What is the tens digit of 187278?
7
What is the ten thousands digit of 274863?
7
What is the hundreds digit of 242356?
3
What is the units digit of 8204893?
3
What is the thousands digit of 135787?
5
What is the units digit of 7619995?
5
What is the units digit of 7564605?
5
What is the thousands digit of 81988?
1
What is the hundreds digit of 2070022?
0
What is the tens digit of 14441802?
0
What is the units digit of 148414?
4
What is the tens digit of 3640647?
4
What is the thousands digit of 5570781?
0
What is the hundred thousands digit of 2884243?
8
What is the millions digit of 5827336?
5
What is the ten thousands digit of 5413961?
1
What is the units digit of 170083?
3
What is the ten thousands digit of 1269182?
6
What is the hundred thousands digit of 578474?
5
What is the ten thousands digit of 863473?
6
What is the hundred thousands digit of 3660515?
6
What is the ten thousands digit of 3486145?
8
What is the millions digit of 1293803?
1
What is the hundred thousands digit of 388886?
3
What is the tens digit of 1334154?
5
What is the hundred thousands digit of 190715?
1
What is the hundreds digit of 117256?
2
What is the hundred thousands digit of 186302?
1
What is the hundreds digit of 6743851?
8
What is the hundred thousands digit of 296326?
2
What is the hundreds digit of 5989429?
4
What is the ten thousands digit of 4449774?
4
What is the hundreds digit of 2860933?
9
What is the hundred thousands digit of 894423?
8
What is the hundreds digit of 619428?
4
What is the ten thousands digit of 607196?
0
What is the units digit of 307543?
3
What is the thousands digit of 2794801?
4
What is the units digit of 107330?
0
What is the hundred thousands digit of 527491?
5
What is the hundred thousands digit of 263809